ate (-6 - -3 - -12) + -2.
7
0 + (2 + 1 - (2 - -1))
0
What is 10 + -6 - 8 - -2?
-2
5 + (-2 - 1 - 0 - -2)
4
What is the value of (1 - -11) + (-11 - -2)?
3
What is 13 + 5 + 1 + -11 + -8?
0
Calculate (4 + 2 - (13 + -4)) + 10.
7
Evaluate -8 + 3 + 9 + -4.
0
-4 + -4 + (9 - 4)
-3
Evaluate (-7 - (2 + -7)) + 2.
0
Evaluate 4 + (-4 + 1 - (-21 + 21)).
1
Calculate -7 + (12 - 2) - 3.
0
0 + (-3 - -6) + (-1 - 0)
2
Calculate 2 + (-4 - -6) + -3 + 1.
2
What is the value of 4 + (-11 - (1 - 4))?
-4
What is 4 + (5 + (1 - 6) - 2)?
2
Calculate (-3 - 0) + -2 + 1.
-4
What is -3 + (0 - (-8 - (0 - 6)))?
-1
(-1 - (9 - 5)) + 1
-4
What is (-2 - (-1 - 3)) + -2 + 6?
6
Calculate -1 + 0 - (5 + -6 - -3).
-3
Calculate (-1 - (7 - 0)) + -4 + 8.
-4
Evaluate -10 - -5 - (-7 - (-3 + 1)).
0
Evaluate 1 - (-4 - (-3 - (-5 - -2))).
5
-8 - (11 + -8 - 5)
-6
Evaluate 2 - ((4 - 3) + 0).
1
0 + 6 + (-1 + 1 - 7)
-1
Evaluate 4 + -2 + -5 + 2 + 1.
0
Evaluate 4 + 1 + -2 - (-8 + 4).
7
What is -5 - (3 + (-7 - 2))?
1
What is the value of (2 - 10) + -7 + 11?
-4
0 - -2 - (-1 - -4 - -3)
-4
Calculate 1 + (-9 - (-3 - 7)).
2
(-15 - -17) + (3 - 1) + -1
3
What is the value of 0 + 3 + (7 - 5)?
5
Evaluate -9 + 5 - (1 + -2 + 1).
-4
0 + 3 - (-2 - 0) - 6
-1
Calculate -1 + 3 + 0 + 6 - 8.
0
(5 - 2) + -5 - -5
3
Evaluate (-3 - (-3 - 1)) + 4.
5
Evaluate 1 - (2 + (-1 - -1) + -5).
4
6 - (-7 - (8 - 24))
-3
Calculate -6 - (-3 - -2) - (-29 + 24).
0
What is the value of -4 + 3 - (1 + -3)?
1
-1 + (9 - 3 - 3) - 0
2
Evaluate -1 + -5 + (7 - 4).
-3
10 + 2 - (29 + -24)
7
3 - (2 + -6 + 3)
4
3 - (4 - 4 - 5)
8
What is the value of -5 + 6 + 4 - 10?
-5
-1 - (-3 - -4) - (1 - 8)
5
(1 - 1 - -5) + -3 + 3
5
(-12 - (-2 + -21)) + -3 + -4
4
Calculate 84 + -79 - (-3 - 0).
8
What is the value of 8 - (4 + -6) - 8?
2
What is -8 + 5 + -9 + 10?
-2
What is the value of (6 - (0 + (3 - -1))) + -7?
-5
What is (-4 - 0) + (-2 - -4) + 7?
5
Evaluate 0 - ((-1 - 2 - -8) + -4).
-1
Calculate (0 - (0 - -2)) + (-3 - -10).
5
3 + -1 + -1 + -10 + 7
-2
10 - 6 - 6 - -1
-1
Evaluate (0 - (4 + -2)) + 105 + -109.
-6
(-4 - -5) + (-2 - 1)
-2
What is the value of -3 - (-11 - -1 - -3)?
4
Calculate (-2 - 1) + 2 - 8 - -8.
-1
Calculate 3 + -1 - (-154 - -154).
2
-4 - (7 + -5) - (7 + -3)
-10
Evaluate (9 - 11) + 6 + -2.
2
What is -1 + 11 + -18 - (-2 + -1)?
-5
What is -2 + 1 + 1 + -5 - -7?
2
Evaluate (-3 - -4) + (3 - 3).
1
Evaluate -3 + 2 + 1 + -4 - -1.
-3
What is -2 + 2 - (4 + 2)?
-6
What is -1 + -2 - -10 - 1 - 5?
1
0 - 1 - (-15 - -10)
4
Calculate (0 - 4) + 1 + -4 + 2.
-5
What is the value of 7 - (8 - (-8 + 7))?
-2
Calculate 42 + -41 - (-2 - 0).
3
What is the value of -8 - (-3 - 3 - -12 - 21)?
7
Evaluate 0 + (4 - (-9 + 6)) - 5.
2
What is the value of (0 - (0 + 5 + -2)) + 7?
4
(15 - 8) + -7 + -1
-1
Calculate 7 - (1 - -4 - -3).
-1
Evaluate 2 + -2 + 0 + (2 - 2).
0
What is the value of 4 + -2 - (-14 - -13 - 3)?
6
What is 19 - 23 - (3 + (-2 - 5))?
0
What is -10 + (9 - -4) + -3?
0
What is -7 + 10 + 4 + -10 - 1?
-4
-9 + 0 + 0 + (1 - -3)
-5
Calculate -3 + 5 - (7 + 0 + -4).
-1
What is 5 + -3 - (5 + -3)?
0
Calculate 2 + (-3 - (-2 - -2)).
-1
What is 1 + -1 - (3 - (-15 - -24))?
6
Evaluate (10 - 11 - -7) + -14.
-8
Evaluate 4 - (-4 - (0 - 9)).
-1
1 + 1 + -10 - -4
-4
Calculate 5 - (0 - 5 - -7).
3
4 + -13 + 3 - -6
0
What is the value of (0 + 7 - 1) + -120 + 115?
1
What is -3 + (4 - 4) + (11 - 12)?
-4
Evaluate 4 - 2 - (-6 - (-6 + 2)).
4
What is 3 - (-5 - (1 + -13))?
-4
What is 0 + (-3 - 0) + 4 - -2?
3
What is -1 + 0 - (13 - 16)?
2
Calculate -2 + 3 - -5 - (5 + -1).
2
Calculate -13 + 9 + (0 - -4) + 5.
5
Evaluate -1 - (0 + 3) - (0 + 1).
-5
-3 - (-8 + (-2 + 5 - 0))
2
(-6 - -5) + (1 - (3 + -4))
1
What is 16 - 14 - (-1 + (-2 - 0))?
5
What is 9 + -2 + (-3 + -4 - -3)?
3
Calculate 13 + 0 - (23 + -12).
2
What is (21 - 21) + -3 + (4 - 2)?
-1
What is 3 + -3 + 7 + 1 + -5?
3
What is -14 + 9 - (-1 + -6 + 1)?
1
What is the value of 8 - (2 + (-5 - -10 - 2))?
3
What is (8 - (13 - (9 - 1))) + -1?
2
-5 + (0 + -6 + 3 - -7)
-1
What is 2 - (-4 + (0 - -7)) - 6?
-7
Calculate -4 + 0 + 17 + -15.
-2
What is 12 + -4 - 4 - (-2 + 7)?
-1
Evaluate 0 - 6 - (0 + 4 + -7).
-3
What is -7 + -4 + (11 - (12 + -6))?
-6
Calculate 3 + (4 + -1 - 6).
0
What is (-6 - -1) + (15 - (-1 - -7))?
4
Calculate (149 - 146) + (0 - (4 - -1)).
-2
Calculate -4 + 0 - (5 - 4).
-5
Calculate -6 - (-4 + (0 - 0)).
-2
Evaluate 10 + (0 - 13) + -5.
-8
What is the value of (-2 - 0) + 40 + -32?
6
Evaluate 14 + -18 + 5 + -12.
-11
What is 2 + -6 + -3 + 0 + 12?
5
Evaluate (4 - -1) + -1 + -1.
3
Calculate 0 - (0 + -5 - 3).
8
What is the value of 17 - 4 - 8 - -1?
6
-1 + -7 - (6 - (6 + 1))
-7
Evaluate 3 + 5 + -4 - 4.
0
Evaluate (-4 - -2) + -2 - -1.
-3
Calculate (-4 - -9 - -6) + -9.
2
-2 - -1 - (-9 + (6 - -5))
-3
What is the value of -2 - ((-3 - -1) + 1)?
-1
Evaluate -11 - (-8 + (5 - 5)).
-3
What is (4 - (-5 + 3)) + (-16 - -4)?
-6
-1 + -3 + 2 - -3
1
What is the value of 25 - (-9 + 23) - 14?
-3
What is 1 - (-13 + 9) - 9?
-4
Calculate 6 - (3 + 5 + -10 + 3).
5
Evaluate (1 - (3 - 0)) + 3 - 6.
-5
Calculate (2 - 1) + -1 + 6 + -12.
-6
7 - 0 - (0 - -3) - 6
-2
Calculate -1 + -4 + (-1 - -2).
-4
2 + 2 + (-2 - (-8 - -5))
5
What is the value of 8 + -11 - -5 - (-3 - 1)?
6
(-6 + -3 - -1) + 8
0
-3 - (-2 - (2 + -6))
-5
What is the value of (5 - 0) + (1 + 1 - 3)?
4
Calculate 3 - 10 - (-4 - 2).
-1
What is the value of (7 - 5) + 1 + (2 - 4)?
1
What is the value of 15 - (0 + (3 - -6))?
6
-10 + 1 + 5 + 11
7
Calculate -6 + (2 - 0) + 31 + -18.
9
Calculate 9 + -4 + -13 + 9.
1
Calculate 1 + (-7 - -3) + 2 + -2.
-3
Evaluate -22 - -23 - (1 + 0 + 2).
-2
Evaluate (-2 + -1 - 0 - -2) + -2.
-3
What is 5 - (-12 + 8 - 1)?
10
What is (0 - 4) + (18 - 11)?
3
-1 + 1 + -3 + 4 - -3
4
What is the value of -3 + 10 + -17 + 7?
-3
Calculate (1 + 15 - 8) + -6.
2
What is the value of 1 + (-2 + 8 - 0 - 4)?
3
Evaluate 2 + (-7 - -3) - (1 - 1).
-2
What is (12 - (14 - 2)) + 8?
8
What is -5 - (-2 + -6) - 4?
-1
Calculate (-1 - (-3 + 4)) + 2 + 1.
1
(-1 - 2 - (-2 + 3)) + -1
-5
Calculate (-54 - -68) + -1 + -5.
8
What is the value of 6 - (20 + -10 + -3)?
-1
What is -2 - (5 + -2) - -4?
-1
Calculate (0 + 3 - 0) + (-4 - 2).
-3
Evaluate (2 - (2 - 2)) + -1.
1
Calculate -7 + 1 + 38 + -32.
0
Calculate -6 + 1 + 21 - (13 + -6).
9
What is (3 - (6 - 2)) + (0 - 2)?
-3
What is -14 - (2 - (-5 - -14))?
-7
Calculate 2 - (1 - (-1 - 3)) - 1.
-4
Calculate -3 - (-7 - -1) - 5.
-2
What is the value of -2 - (-5 + 1 + -1 + 0)?
3
What is the value of (16 - 16) + (-13 - 0) + 2?
-11
Evaluate (-2 - -1) + -2 + -1.
-4
What is the value of 0 - -4 - (9 + -6)?
1
Calculate 5 - (-3 + 5 + (-4 - -5)).
2
What is 11 + -1 + 21 + -28?
3
Evaluate (-17 - -28) + -20 + 2.
-7
Calculate 1 + -6 + 1 + 2.
-2
What is -4 - -1 - (93 + -100)?
4
Evaluate 5 + -4 - (-1 + -3).
5
(3 - (-1 + -1 + 4)) + -1
0
Evaluate -12 + 13 + 7 - 3.
5
Calculate (-3 - (-1 + 6)) + 3.
-5
What is -8 + (-2 - (-5 + -1))?
-4
Evaluate -1 - (-7 + (17 - 8)).
-3
(3 - 0) + (-5 - 0 - 4)
-6
What is the value of 1 + 0 - (-16 - -12)?
5
-4 + 4 + -3 + 5
2
Calculate -2 + 0 - -6 - (-1 + -1).
6
What is -6 + (14 - 7) + 0?
1
Calculate -4 - -2 - -1 - -5.
4
What is the value of 0 + (0 - (-7 + 6)) - -4?
5
What is the value of -19 - -25 - (0 - -5)?
1
What is -6 + -3 + (3 - (2 - 2))?
-6
Evaluate -9 + (11 - 1) + -1.
0
Evaluate (-8 - 2) + (31 - 26).
-5
What is (1 + -2 - 4) + (2 - 2)?
-5
Calculate 2 - (-2 + 1 + 0 - 1).
4
Calculate 4 + 0 + -14 + 4.
-6
13 - (13 + -7 - -3)
4
What is the value of -8 + (-8 + 3 - (-9 + 1))?
-5
What is -4 + (-3 - (-5 - 5) - -1)?
4
(-4 - -4 - 0) + 2 + -4
-2
What is the value of -9 + (2 - -4) + 0 + 1?
-2
What is the value of (-11 + 8 - 6) + 0?
-9
(-5 - -8) + -7 - -11
7
What is the value of 14 + 0 + -4 + (-31 - -28)?
7
Calculate 4 + 1 + -9 + 2.
-2
Evaluate -15 - -15 - (4 - 0).
-4
Calculate (1 - -1) + (-17 - (-12 - -3)).
-6
Evaluate 3 - ((-1 - -2 - 2) + 5).
-1
Calculate -3 + 0 + 5 - (9 - 1).
-6
Calculate (1 - (-2 - 0)) + -13 + 2.
-8
What is the value of -2 - (7 - (-6 - -10 - 0))?
-5
Calculate -3 + 4 + 5 + -1.
5
What is the value of -2 + -1 - (0 + (3 - 4))?
-2
Calculate 5 + (-4 - -6) + -5.
2
-2 + 10 + -10 + -2 + 4
0
0 + 0 + 0 - -4
4
What is -3 + 10 + (-4 - -1)?
4
What is -7 - (4 + -10 + -2)?
1
Calculate (-6 - -2) + (1 - 2).
-5
Calculate -8 - ((-5 - -2) + -2) - -6.
3
What is -1 + (11 - 12 - (-6 - 1))?
5
What is -3 - (